{"id":15329,"date":"2022-07-08T20:21:52","date_gmt":"2022-07-08T20:21:52","guid":{"rendered":"http:\/\/www.mairipora.sp.gov.br\/cultura\/?page_id=15329"},"modified":"2022-07-12T19:17:01","modified_gmt":"2022-07-12T19:17:01","slug":"editais","status":"publish","type":"page","link":"https:\/\/www.mairipora.sp.gov.br\/cultura\/editais\/","title":{"rendered":"EDITAIS"},"content":{"rendered":"<style>.wp-show-posts-columns#wpsp-15406 {margin-left: -2em; }.wp-show-posts-columns#wpsp-15406 .wp-show-posts-inner {margin: 0 0 2em 2em; }<\/style><section id=\"wpsp-15406\" class=\" wp-show-posts-columns wp-show-posts\" style=\"\"><article class=\" wp-show-posts-single post-20279 post type-post status-publish format-standard hentry category-editais category-noticias wpsp-col-6\" itemtype=\"http:\/\/schema.org\/CreativeWork\" itemscope><div class=\"wp-show-posts-inner\" style=\"\">\t\t\t\t\t\t<header class=\"wp-show-posts-entry-header\">\n\t\t\t\t\t\t\t<h2 class=\"wp-show-posts-entry-title\" itemprop=\"headline\"><a href=\"https:\/\/www.mairipora.sp.gov.br\/cultura\/arraia-da-vila-2025-credenciamento-de-entidades-oscs\/\" rel=\"bookmark\">ARRAI\u00c1  DA VILA 2025 &#8211; Credenciamento de Entidades (OSCs)<\/a><\/h2><div class=\"wp-show-posts-entry-meta wp-show-posts-entry-meta-below-title post-meta-inline\"><span class=\"wp-show-posts-posted-on wp-show-posts-meta\">\n\t\t\t\t\t<a href=\"https:\/\/www.mairipora.sp.gov.br\/cultura\/arraia-da-vila-2025-credenciamento-de-entidades-oscs\/\" title=\"8:38 pm\" rel=\"bookmark\"><time class=\"wp-show-posts-entry-date published\" datetime=\"2025-05-28T20:38:00+00:00\" itemprop=\"datePublished\">28 de maio de 2025<\/time><time class=\"wp-show-posts-updated\" datetime=\"2025-06-04T12:41:29+00:00\" itemprop=\"dateModified\">4 de junho de 2025<\/time><\/a>\n\t\t\t\t<\/span><\/div>\t\t\t\t\t\t<\/header><!-- .entry-header -->\n\t\t\t\t\t\t\t\t\t\t\t<div class=\"wp-show-posts-entry-summary\" itemprop=\"text\">\n\t\t\t\t\t\t\t<p>CREDENCIAMENTO DE ORGANIZA\u00c7\u00d5ES DA SOCIEDADE CIVIL (OSCs) INTERESSADAS EM PARTICIPAR DA 4\u00aa EDI\u00c7\u00c3O DO EVENTO \u201cARRAI\u00c1 DA VILA\u201d DE MAIRIPOR\u00c3 2025 CREDENCIAMENTO DE ORGANIZA\u00c7\u00d5ES DA SOCIEDADE CIVIL (OSCs) INTERESSADAS EM&#8230;<\/p>\n\t\t\t\t\t\t<\/div><!-- .entry-summary -->\n\t\t\t\t\t<\/div><!-- wp-show-posts-inner --><\/article><article class=\" wp-show-posts-single post-19311 post type-post status-publish format-standard hentry category-editais category-noticias wpsp-col-6\" itemtype=\"http:\/\/schema.org\/CreativeWork\" itemscope><div class=\"wp-show-posts-inner\" style=\"\">\t\t\t\t\t\t<header class=\"wp-show-posts-entry-header\">\n\t\t\t\t\t\t\t<h2 class=\"wp-show-posts-entry-title\" itemprop=\"headline\"><a href=\"https:\/\/www.mairipora.sp.gov.br\/cultura\/revelando-sp-2025-credenciamento-mairipora\/\" rel=\"bookmark\">REVELANDO SP 2025 \u2013 CREDENCIAMENTO MAIRIPOR\u00c3<\/a><\/h2><div class=\"wp-show-posts-entry-meta wp-show-posts-entry-meta-below-title post-meta-inline\"><span class=\"wp-show-posts-posted-on wp-show-posts-meta\">\n\t\t\t\t\t<a href=\"https:\/\/www.mairipora.sp.gov.br\/cultura\/revelando-sp-2025-credenciamento-mairipora\/\" title=\"12:38 pm\" rel=\"bookmark\"><time class=\"wp-show-posts-entry-date published\" datetime=\"2025-03-19T12:38:42+00:00\" itemprop=\"datePublished\">19 de mar\u00e7o de 2025<\/time><time class=\"wp-show-posts-updated\" datetime=\"2025-03-19T13:25:22+00:00\" itemprop=\"dateModified\">19 de mar\u00e7o de 2025<\/time><\/a>\n\t\t\t\t<\/span><\/div>\t\t\t\t\t\t<\/header><!-- .entry-header -->\n\t\t\t\t\t\t\t\t\t\t\t<div class=\"wp-show-posts-entry-summary\" itemprop=\"text\">\n\t\t\t\t\t\t\t<p>REVELANDO SP 2025 &#8211; credencie seu trabalho!!! Inscri\u00e7\u00f5es at\u00e9 dia 26 de mar\u00e7o!Est\u00e3o abertas as inscri\u00e7\u00f5es para poss\u00edvel participa\u00e7\u00e3o no REVELANDO SP 2025! Para a participa\u00e7\u00e3o de Mairipor\u00e3 em mais&#8230;<\/p>\n\t\t\t\t\t\t<\/div><!-- .entry-summary -->\n\t\t\t\t\t<\/div><!-- wp-show-posts-inner --><\/article><article class=\" wp-show-posts-single post-18239 post type-post status-publish format-standard hentry category-editais category-noticias category-uncategorized wpsp-col-6\" itemtype=\"http:\/\/schema.org\/CreativeWork\" itemscope><div class=\"wp-show-posts-inner\" style=\"\">\t\t\t\t\t\t<header class=\"wp-show-posts-entry-header\">\n\t\t\t\t\t\t\t<h2 class=\"wp-show-posts-entry-title\" itemprop=\"headline\"><a href=\"https:\/\/www.mairipora.sp.gov.br\/cultura\/mostra-autoral-selecionados\/\" rel=\"bookmark\">MOSTRA AUTORAL &#8211; SELECIONADOS<\/a><\/h2><div class=\"wp-show-posts-entry-meta wp-show-posts-entry-meta-below-title post-meta-inline\"><span class=\"wp-show-posts-posted-on wp-show-posts-meta\">\n\t\t\t\t\t<a href=\"https:\/\/www.mairipora.sp.gov.br\/cultura\/mostra-autoral-selecionados\/\" title=\"7:46 pm\" rel=\"bookmark\"><time class=\"wp-show-posts-entry-date published\" datetime=\"2024-10-25T19:46:06+00:00\" itemprop=\"datePublished\">25 de outubro de 2024<\/time><time class=\"wp-show-posts-updated\" datetime=\"2024-10-29T12:06:03+00:00\" itemprop=\"dateModified\">29 de outubro de 2024<\/time><\/a>\n\t\t\t\t<\/span><\/div>\t\t\t\t\t\t<\/header><!-- .entry-header -->\n\t\t\t\t\t\t\t\t\t\t\t<div class=\"wp-show-posts-entry-summary\" itemprop=\"text\">\n\t\t\t\t\t\t\t<p>LISTA DE SELECIONADOS &#8211; 1\u00aa MOSTRA AUTORAL DE MAIRIPOR\u00c3 INFORMA\u00c7\u00d5ES IMPORTANTES! A 1\u00aa MOSTRA AUTORAL DE MAIRIPOR\u00c3 ser\u00e1 realizada nas seguintes datas e locais: Dia 22\/11, das 19h \u00e0s 22h&#8230;<\/p>\n\t\t\t\t\t\t<\/div><!-- .entry-summary -->\n\t\t\t\t\t<\/div><!-- wp-show-posts-inner --><\/article><article class=\" wp-show-posts-single post-18013 post type-post status-publish format-standard hentry category-editais category-noticias tag-cultura-mairipora tag-pnab tag-pnab-mairipora wpsp-col-6\" itemtype=\"http:\/\/schema.org\/CreativeWork\" itemscope><div class=\"wp-show-posts-inner\" style=\"\">\t\t\t\t\t\t<header class=\"wp-show-posts-entry-header\">\n\t\t\t\t\t\t\t<h2 class=\"wp-show-posts-entry-title\" itemprop=\"headline\"><a href=\"https:\/\/www.mairipora.sp.gov.br\/cultura\/pnabmairipora\/\" rel=\"bookmark\">PNAB MAIRIPOR\u00c3 &#8211; inscri\u00e7\u00f5es de 17 de setembro a 28 de outubro<\/a><\/h2><div class=\"wp-show-posts-entry-meta wp-show-posts-entry-meta-below-title post-meta-inline\"><span class=\"wp-show-posts-posted-on wp-show-posts-meta\">\n\t\t\t\t\t<a href=\"https:\/\/www.mairipora.sp.gov.br\/cultura\/pnabmairipora\/\" title=\"3:34 pm\" rel=\"bookmark\"><time class=\"wp-show-posts-entry-date published\" datetime=\"2024-09-13T15:34:18+00:00\" itemprop=\"datePublished\">13 de setembro de 2024<\/time><time class=\"wp-show-posts-updated\" datetime=\"2024-09-13T15:35:29+00:00\" itemprop=\"dateModified\">13 de setembro de 2024<\/time><\/a>\n\t\t\t\t<\/span><\/div>\t\t\t\t\t\t<\/header><!-- .entry-header -->\n\t\t\t\t\t\t\t\t\t\t\t<div class=\"wp-show-posts-entry-summary\" itemprop=\"text\">\n\t\t\t\t\t\t\t<p>Inscreva-se nos editais da Pol\u00edtica Nacional Aldir Blanc Mairipor\u00e3 2024! Acesse a p\u00e1gina espec\u00edfica criada para orientar e auxiliar todas as pessoas interessadas!<\/p>\n\t\t\t\t\t\t<\/div><!-- .entry-summary -->\n\t\t\t\t\t<\/div><!-- wp-show-posts-inner --><\/article><article class=\" wp-show-posts-single post-17543 post type-post status-publish format-standard hentry category-editais category-noticias wpsp-col-6\" itemtype=\"http:\/\/schema.org\/CreativeWork\" itemscope><div class=\"wp-show-posts-inner\" style=\"\">\t\t\t\t\t\t<header class=\"wp-show-posts-entry-header\">\n\t\t\t\t\t\t\t<h2 class=\"wp-show-posts-entry-title\" itemprop=\"headline\"><a href=\"https:\/\/www.mairipora.sp.gov.br\/cultura\/inscricoes-abertas-1a-mostra-autoral-de-mairipora\/\" rel=\"bookmark\">INSCRI\u00c7\u00d5ES ABERTAS &#8211; 1\u00aa MOSTRA AUTORAL DE MAIRIPOR\u00c3!<\/a><\/h2><div class=\"wp-show-posts-entry-meta wp-show-posts-entry-meta-below-title post-meta-inline\"><span class=\"wp-show-posts-posted-on wp-show-posts-meta\">\n\t\t\t\t\t<a href=\"https:\/\/www.mairipora.sp.gov.br\/cultura\/inscricoes-abertas-1a-mostra-autoral-de-mairipora\/\" title=\"2:20 pm\" rel=\"bookmark\"><time class=\"wp-show-posts-entry-date published\" datetime=\"2024-06-27T14:20:14+00:00\" itemprop=\"datePublished\">27 de junho de 2024<\/time><time class=\"wp-show-posts-updated\" datetime=\"2024-06-28T14:42:29+00:00\" itemprop=\"dateModified\">28 de junho de 2024<\/time><\/a>\n\t\t\t\t<\/span><\/div>\t\t\t\t\t\t<\/header><!-- .entry-header -->\n\t\t\t\t\t\t\t\t\t\t\t<div class=\"wp-show-posts-entry-summary\" itemprop=\"text\">\n\t\t\t\t\t\t\t<p>Aten\u00e7\u00e3o compositores e compositoras, grupos e coletivos musicais de Mairipor\u00e3!<\/p>\n<p>Est\u00e3o abertas as inscri\u00e7\u00f5es para a 1\u00aa MOSTRA MUSICAL AUTORAL DE MAIRIPOR\u00c3! Clique aqui para ler o REGULAMENTO e acessar o FORMUL\u00c1RIO DE INSCRI\u00c7\u00c3O. <a class=\"continue\" href=\"https:\/\/www.mairipora.sp.gov.br\/cultura\/inscricoes-abertas-1a-mostra-autoral-de-mairipora\/\">Continue Reading<span> INSCRI\u00c7\u00d5ES ABERTAS &#8211; 1\u00aa MOSTRA AUTORAL DE MAIRIPOR\u00c3!<\/span><\/a><\/p>\n\t\t\t\t\t\t<\/div><!-- .entry-summary -->\n\t\t\t\t\t<\/div><!-- wp-show-posts-inner --><\/article><article class=\" wp-show-posts-single post-17438 post type-post status-publish format-standard hentry category-editais category-noticias wpsp-col-6\" itemtype=\"http:\/\/schema.org\/CreativeWork\" itemscope><div class=\"wp-show-posts-inner\" style=\"\">\t\t\t\t\t\t<header class=\"wp-show-posts-entry-header\">\n\t\t\t\t\t\t\t<h2 class=\"wp-show-posts-entry-title\" itemprop=\"headline\"><a href=\"https:\/\/www.mairipora.sp.gov.br\/cultura\/eleicao-do-conselho-municipal-de-promocao-da-igualdade-racial-compir\/\" rel=\"bookmark\">Elei\u00e7\u00e3o do CONSELHO MUNICIPAL DE PROMO\u00c7\u00c3O DA IGUALDADE RACIAL &#8211; COMPIR<\/a><\/h2><div class=\"wp-show-posts-entry-meta wp-show-posts-entry-meta-below-title post-meta-inline\"><span class=\"wp-show-posts-posted-on wp-show-posts-meta\">\n\t\t\t\t\t<a href=\"https:\/\/www.mairipora.sp.gov.br\/cultura\/eleicao-do-conselho-municipal-de-promocao-da-igualdade-racial-compir\/\" title=\"3:39 pm\" rel=\"bookmark\"><time class=\"wp-show-posts-entry-date published\" datetime=\"2024-06-18T15:39:58+00:00\" itemprop=\"datePublished\">18 de junho de 2024<\/time><time class=\"wp-show-posts-updated\" datetime=\"2024-07-13T18:43:56+00:00\" itemprop=\"dateModified\">13 de julho de 2024<\/time><\/a>\n\t\t\t\t<\/span><\/div>\t\t\t\t\t\t<\/header><!-- .entry-header -->\n\t\t\t\t\t\t\t\t\t\t\t<div class=\"wp-show-posts-entry-summary\" itemprop=\"text\">\n\t\t\t\t\t\t\t<p>Participe do processo de elei\u00e7\u00e3o da segunda composi\u00e7\u00e3o do CONSELHO MUNICIPAL DE PROMO\u00c7\u00c3O DA IGUADADE RACIAL &#8211; COMPIR de Mairipor\u00e3! &nbsp; \/\/\/ Informa\u00e7\u00f5es sobre o F\u00f3rum Eleitoral de 2024 As&#8230;<\/p>\n\t\t\t\t\t\t<\/div><!-- .entry-summary -->\n\t\t\t\t\t<\/div><!-- wp-show-posts-inner --><\/article><article class=\" wp-show-posts-single post-17433 post type-post status-publish format-standard has-post-thumbnail hentry category-editais category-noticias wpsp-col-6\" itemtype=\"http:\/\/schema.org\/CreativeWork\" itemscope><div class=\"wp-show-posts-inner\" style=\"\">\t\t\t\t\t\t<header class=\"wp-show-posts-entry-header\">\n\t\t\t\t\t\t\t<h2 class=\"wp-show-posts-entry-title\" itemprop=\"headline\"><a href=\"https:\/\/www.mairipora.sp.gov.br\/cultura\/arraiadavila2024\/\" rel=\"bookmark\">CREDENCIAMENTO DE ENTIDADES (Organiza\u00e7\u00f5es Sociais) para participa\u00e7\u00e3o no ARRAI\u00c1 DA VILA 3\u00aa EDI\u00c7\u00c3O<\/a><\/h2><div class=\"wp-show-posts-entry-meta wp-show-posts-entry-meta-below-title post-meta-inline\"><span class=\"wp-show-posts-posted-on wp-show-posts-meta\">\n\t\t\t\t\t<a href=\"https:\/\/www.mairipora.sp.gov.br\/cultura\/arraiadavila2024\/\" title=\"8:28 pm\" rel=\"bookmark\"><time class=\"wp-show-posts-entry-date published\" datetime=\"2024-06-04T20:28:50+00:00\" itemprop=\"datePublished\">4 de junho de 2024<\/time><time class=\"wp-show-posts-updated\" datetime=\"2024-06-04T21:11:43+00:00\" itemprop=\"dateModified\">4 de junho de 2024<\/time><\/a>\n\t\t\t\t<\/span><\/div>\t\t\t\t\t\t<\/header><!-- .entry-header -->\n\t\t\t\t\t\t\t<div class=\"wp-show-posts-image  wpsp-image-center \">\n\t\t\t<a href=\"https:\/\/www.mairipora.sp.gov.br\/cultura\/arraiadavila2024\/\"  title=\"CREDENCIAMENTO DE ENTIDADES (Organiza\u00e7\u00f5es Sociais) para participa\u00e7\u00e3o no ARRAI\u00c1 DA VILA 3\u00aa EDI\u00c7\u00c3O\"><img fetchpriority=\"high\" decoding=\"async\" width=\"2121\" height=\"1414\" src=\"https:\/\/www.mairipora.sp.gov.br\/cultura\/wp-content\/uploads\/2023\/06\/arraia-da-vila-mairipora_-chamamento-publico_-autorizacao-gratuita-e-onerosa-para-exploracao-comercial.jpg\" class=\"attachment-full size-full wp-post-image\" alt=\"\" itemprop=\"image\" srcset=\"https:\/\/www.mairipora.sp.gov.br\/cultura\/wp-content\/uploads\/2023\/06\/arraia-da-vila-mairipora_-chamamento-publico_-autorizacao-gratuita-e-onerosa-para-exploracao-comercial.jpg 2121w, https:\/\/www.mairipora.sp.gov.br\/cultura\/wp-content\/uploads\/2023\/06\/arraia-da-vila-mairipora_-chamamento-publico_-autorizacao-gratuita-e-onerosa-para-exploracao-comercial-300x200.jpg 300w, https:\/\/www.mairipora.sp.gov.br\/cultura\/wp-content\/uploads\/2023\/06\/arraia-da-vila-mairipora_-chamamento-publico_-autorizacao-gratuita-e-onerosa-para-exploracao-comercial-1024x683.jpg 1024w, https:\/\/www.mairipora.sp.gov.br\/cultura\/wp-content\/uploads\/2023\/06\/arraia-da-vila-mairipora_-chamamento-publico_-autorizacao-gratuita-e-onerosa-para-exploracao-comercial-768x512.jpg 768w\" sizes=\"(max-width: 2121px) 100vw, 2121px\" \/><\/a>\t\t<\/div>\n\t\t\t\t\t\t\t\t<div class=\"wp-show-posts-entry-summary\" itemprop=\"text\">\n\t\t\t\t\t\t\t<p>A Secretaria Municipal de Cultura de Mairipor\u00e3 torna p\u00fablico o CREDENCIAMENTO SIMPLIFICADO de entidades municipais (Organiza\u00e7\u00f5es Sociais sem fins lucrativos), que tenham interesse em compor a feira t\u00edpica de alimentos&#8230;<\/p>\n\t\t\t\t\t\t<\/div><!-- .entry-summary -->\n\t\t\t\t\t<\/div><!-- wp-show-posts-inner --><\/article><article class=\" wp-show-posts-single post-17351 post type-post status-publish format-standard hentry category-editais category-noticias wpsp-col-6\" itemtype=\"http:\/\/schema.org\/CreativeWork\" itemscope><div class=\"wp-show-posts-inner\" style=\"\">\t\t\t\t\t\t<header class=\"wp-show-posts-entry-header\">\n\t\t\t\t\t\t\t<h2 class=\"wp-show-posts-entry-title\" itemprop=\"headline\"><a href=\"https:\/\/www.mairipora.sp.gov.br\/cultura\/revelando-sp-2024-credenciamento-mairipora\/\" rel=\"bookmark\">REVELANDO SP 2024 &#8211; CREDENCIAMENTO MAIRIPOR\u00c3<\/a><\/h2><div class=\"wp-show-posts-entry-meta wp-show-posts-entry-meta-below-title post-meta-inline\"><span class=\"wp-show-posts-posted-on wp-show-posts-meta\">\n\t\t\t\t\t<a href=\"https:\/\/www.mairipora.sp.gov.br\/cultura\/revelando-sp-2024-credenciamento-mairipora\/\" title=\"6:32 pm\" rel=\"bookmark\"><time class=\"wp-show-posts-entry-date published\" datetime=\"2024-03-21T18:32:46+00:00\" itemprop=\"datePublished\">21 de mar\u00e7o de 2024<\/time><time class=\"wp-show-posts-updated\" datetime=\"2024-04-12T13:35:56+00:00\" itemprop=\"dateModified\">12 de abril de 2024<\/time><\/a>\n\t\t\t\t<\/span><\/div>\t\t\t\t\t\t<\/header><!-- .entry-header -->\n\t\t\t\t\t\t\t\t\t\t\t<div class=\"wp-show-posts-entry-summary\" itemprop=\"text\">\n\t\t\t\t\t\t\t<p>REVELANDO SP 2024 &#8211; credencie seu trabalho!!! Inscri\u00e7\u00f5es at\u00e9 dia 28 de mar\u00e7o!Est\u00e3o abertas as inscri\u00e7\u00f5es para poss\u00edvel participa\u00e7\u00e3o no REVELANDO SP 2024. Para a participa\u00e7\u00e3o de Mairipor\u00e3 em mais&#8230;<\/p>\n\t\t\t\t\t\t<\/div><!-- .entry-summary -->\n\t\t\t\t\t<\/div><!-- wp-show-posts-inner --><\/article><article class=\" wp-show-posts-single post-17221 post type-post status-publish format-standard hentry category-editais category-noticias category-oficinas-culturais tag-cultura-mairipora tag-cultura-sp tag-oficinas-culturais wpsp-col-6\" itemtype=\"http:\/\/schema.org\/CreativeWork\" itemscope><div class=\"wp-show-posts-inner\" style=\"\">\t\t\t\t\t\t<header class=\"wp-show-posts-entry-header\">\n\t\t\t\t\t\t\t<h2 class=\"wp-show-posts-entry-title\" itemprop=\"headline\"><a href=\"https:\/\/www.mairipora.sp.gov.br\/cultura\/edital-arte-educadores-2024-chamamento-publico-010-2023\/\" rel=\"bookmark\">EDITAL ARTE EDUCADORES 2024 &#8211; inscri\u00e7\u00f5es prorrogadas at\u00e9 25\/01\/2024<\/a><\/h2><div class=\"wp-show-posts-entry-meta wp-show-posts-entry-meta-below-title post-meta-inline\"><span class=\"wp-show-posts-posted-on wp-show-posts-meta\">\n\t\t\t\t\t<a href=\"https:\/\/www.mairipora.sp.gov.br\/cultura\/edital-arte-educadores-2024-chamamento-publico-010-2023\/\" title=\"2:50 pm\" rel=\"bookmark\"><time class=\"wp-show-posts-entry-date published\" datetime=\"2023-12-22T14:50:41+00:00\" itemprop=\"datePublished\">22 de dezembro de 2023<\/time><time class=\"wp-show-posts-updated\" datetime=\"2024-04-11T22:16:30+00:00\" itemprop=\"dateModified\">11 de abril de 2024<\/time><\/a>\n\t\t\t\t<\/span><\/div>\t\t\t\t\t\t<\/header><!-- .entry-header -->\n\t\t\t\t\t\t\t\t\t\t\t<div class=\"wp-show-posts-entry-summary\" itemprop=\"text\">\n\t\t\t\t\t\t\t<p>Est\u00e3o abertas as inscri\u00e7\u00f5es, at\u00e9 o dia 21 de janeiro de 2024, de propostas para o ciclo 2024 das oficinas culturais de mairipor\u00e3 &#8211; programa Mais Cultura <a class=\"continue\" href=\"https:\/\/www.mairipora.sp.gov.br\/cultura\/edital-arte-educadores-2024-chamamento-publico-010-2023\/\">Continue Reading<span> EDITAL ARTE EDUCADORES 2024 &#8211; inscri\u00e7\u00f5es prorrogadas at\u00e9 25\/01\/2024<\/span><\/a><\/p>\n\t\t\t\t\t\t<\/div><!-- .entry-summary -->\n\t\t\t\t\t<\/div><!-- wp-show-posts-inner --><\/article><article class=\" wp-show-posts-single post-16882 post type-post status-publish format-standard has-post-thumbnail hentry category-editais category-noticias tag-cultura-mairipora tag-edital-lpg tag-lei-paulo-gustavo wpsp-col-6\" itemtype=\"http:\/\/schema.org\/CreativeWork\" itemscope><div class=\"wp-show-posts-inner\" style=\"\">\t\t\t\t\t\t<header class=\"wp-show-posts-entry-header\">\n\t\t\t\t\t\t\t<h2 class=\"wp-show-posts-entry-title\" itemprop=\"headline\"><a href=\"https:\/\/www.mairipora.sp.gov.br\/cultura\/editais-da-lei-paulo-gustavo-mairipora-prazo-de-inscricao-prorrogado-ate-dia-29-de-outubro\/\" rel=\"bookmark\">Editais da LEI PAULO GUSTAVO MAIRIPOR\u00c3 &#8211; prazo de inscri\u00e7\u00e3o prorrogado at\u00e9 dia 29 de outubro!<\/a><\/h2><div class=\"wp-show-posts-entry-meta wp-show-posts-entry-meta-below-title post-meta-inline\"><span class=\"wp-show-posts-posted-on wp-show-posts-meta\">\n\t\t\t\t\t<a href=\"https:\/\/www.mairipora.sp.gov.br\/cultura\/editais-da-lei-paulo-gustavo-mairipora-prazo-de-inscricao-prorrogado-ate-dia-29-de-outubro\/\" title=\"9:35 pm\" rel=\"bookmark\"><time class=\"wp-show-posts-entry-date published\" datetime=\"2023-10-18T21:35:12+00:00\" itemprop=\"datePublished\">18 de outubro de 2023<\/time><time class=\"wp-show-posts-updated\" datetime=\"2023-10-26T19:28:29+00:00\" itemprop=\"dateModified\">26 de outubro de 2023<\/time><\/a>\n\t\t\t\t<\/span><\/div>\t\t\t\t\t\t<\/header><!-- .entry-header -->\n\t\t\t\t\t\t\t<div class=\"wp-show-posts-image  wpsp-image-center \">\n\t\t\t<a href=\"https:\/\/www.mairipora.sp.gov.br\/cultura\/editais-da-lei-paulo-gustavo-mairipora-prazo-de-inscricao-prorrogado-ate-dia-29-de-outubro\/\"  title=\"Editais da LEI PAULO GUSTAVO MAIRIPOR\u00c3 &#8211; prazo de inscri\u00e7\u00e3o prorrogado at\u00e9 dia 29 de outubro!\"><img decoding=\"async\" width=\"1600\" height=\"1600\" src=\"https:\/\/www.mairipora.sp.gov.br\/cultura\/wp-content\/uploads\/2023\/10\/img-paulo-gustavo2.jpg\" class=\"attachment-full size-full wp-post-image\" alt=\"\" itemprop=\"image\" srcset=\"https:\/\/www.mairipora.sp.gov.br\/cultura\/wp-content\/uploads\/2023\/10\/img-paulo-gustavo2.jpg 1600w, https:\/\/www.mairipora.sp.gov.br\/cultura\/wp-content\/uploads\/2023\/10\/img-paulo-gustavo2-300x300.jpg 300w, https:\/\/www.mairipora.sp.gov.br\/cultura\/wp-content\/uploads\/2023\/10\/img-paulo-gustavo2-1024x1024.jpg 1024w, https:\/\/www.mairipora.sp.gov.br\/cultura\/wp-content\/uploads\/2023\/10\/img-paulo-gustavo2-150x150.jpg 150w, https:\/\/www.mairipora.sp.gov.br\/cultura\/wp-content\/uploads\/2023\/10\/img-paulo-gustavo2-768x768.jpg 768w\" sizes=\"(max-width: 1600px) 100vw, 1600px\" \/><\/a>\t\t<\/div>\n\t\t\t\t\t\t\t\t<div class=\"wp-show-posts-entry-summary\" itemprop=\"text\">\n\t\t\t\t\t\t\t<p>A Secretaria Municipal de Cultura de Mairipor\u00e3 comunica a prorroga\u00e7\u00e3o do prazo para inscri\u00e7\u00f5es nos editais da Lei Paulo Gustavo Mairipor\u00e3 &#8211; modalidade audiovisual (Artigo 5\u00ba) e modalidade Demais \u00c1reas&#8230;<\/p>\n\t\t\t\t\t\t<\/div><!-- .entry-summary -->\n\t\t\t\t\t<\/div><!-- wp-show-posts-inner --><\/article><div class=\"wpsp-clear\"><\/div><\/section><!-- .wp-show-posts --><div class=\"wpsp-load-more\"><span aria-current=\"page\" class=\"page-numbers current\">1<\/span>\n<a class=\"page-numbers\" href=\"https:\/\/www.mairipora.sp.gov.br\/cultura\/wp-json\/wp\/v2\/pages\/15329\/page\/2\/\">2<\/a>\n<a class=\"page-numbers\" href=\"https:\/\/www.mairipora.sp.gov.br\/cultura\/wp-json\/wp\/v2\/pages\/15329\/page\/3\/\">3<\/a>\n<a class=\"next page-numbers\" href=\"https:\/\/www.mairipora.sp.gov.br\/cultura\/wp-json\/wp\/v2\/pages\/15329\/page\/2\/\">Pr\u00f3ximo &rarr;<\/a><\/div>\n","protected":false},"excerpt":{"rendered":"","protected":false},"author":1,"featured_media":0,"parent":0,"menu_order":0,"comment_status":"closed","ping_status":"closed","template":"","meta":{"footnotes":""},"class_list":["post-15329","page","type-page","status-publish","hentry"],"_links":{"self":[{"href":"https:\/\/www.mairipora.sp.gov.br\/cultura\/wp-json\/wp\/v2\/pages\/15329","targetHints":{"allow":["GET"]}}],"collection":[{"href":"https:\/\/www.mairipora.sp.gov.br\/cultura\/wp-json\/wp\/v2\/pages"}],"about":[{"href":"https:\/\/www.mairipora.sp.gov.br\/cultura\/wp-json\/wp\/v2\/types\/page"}],"author":[{"embeddable":true,"href":"https:\/\/www.mairipora.sp.gov.br\/cultura\/wp-json\/wp\/v2\/users\/1"}],"replies":[{"embeddable":true,"href":"https:\/\/www.mairipora.sp.gov.br\/cultura\/wp-json\/wp\/v2\/comments?post=15329"}],"version-history":[{"count":15,"href":"https:\/\/www.mairipora.sp.gov.br\/cultura\/wp-json\/wp\/v2\/pages\/15329\/revisions"}],"predecessor-version":[{"id":15409,"href":"https:\/\/www.mairipora.sp.gov.br\/cultura\/wp-json\/wp\/v2\/pages\/15329\/revisions\/15409"}],"wp:attachment":[{"href":"https:\/\/www.mairipora.sp.gov.br\/cultura\/wp-json\/wp\/v2\/media?parent=15329"}],"curies":[{"name":"wp","href":"https:\/\/api.w.org\/{rel}","templated":true}]}}